{"id":122,"date":"2017-05-17T21:26:45","date_gmt":"2017-05-17T19:26:45","guid":{"rendered":"http:\/\/tv-jahn-handball.de\/?page_id=122"},"modified":"2020-09-06T17:10:39","modified_gmt":"2020-09-06T15:10:39","slug":"122-2","status":"publish","type":"page","link":"https:\/\/tv-jahn-handball.de\/?page_id=122","title":{"rendered":"F\u00f6rderverein"},"content":{"rendered":"<h3>Ziele des Handball F\u00f6rderverein TV Jahn G\u00f6ppingen e.V.<\/h3>\n<div><\/div>\n<p>Der F\u00f6rderverein unterst\u00fctzt die Handballabteilung des TV Jahn G\u00f6ppingen haupts\u00e4chlich durch seine Mitglieder.<\/p>\n<p>Im st\u00e4ndigen Dialog mit den Verantwortlichen der Handballabteilung werden Projekte und unterst\u00fctzende Ma\u00dfnahmen vereinbart. Wie z.B.<\/p>\n<p>Mostfest, Werbetafel, Fahrtgeldzusch\u00fcsse, Essensgutscheine, Zusch\u00fcsse f\u00fcr Trainingslager, Teambuilding am See &#8230;<\/p>\n<p>Hierbei kann und will der F\u00f6rderverein mit seinen aktiven Mitgliedern und Werbepartnern ein Zeichen setzen um all die motivierten Spieler- (innen), Trainer, Helfer und Macher aktiv zu unterst\u00fctzen. Mitgliedsbeitr\u00e4ge, Werbeeinnahmen, Sponsorengelder und Spenden helfen dabei zus\u00e4tzliche Perspektiven f\u00fcr die Abteilung zu er\u00f6ffnen.<\/p>\n<p>Wir freuen uns auf eine spannende Saison, fairen und respektvollen Umgang mit unseren Gegnern und Schiedsrichtern. Unseren Handballer (-innen) eine erfolgreiche und verletzungsfreie Hallenrunde.<\/p>\n<p>Mit freundlichem Gru\u00df<\/p>\n<p>Karl-Eugen Rube (<a href=\"mailto:Karl-Eugen.Rube@t-online.de\">Karl-Eugen.Rube@t-online.de<\/a>)<\/p>\n\n\n<p><\/p>\n","protected":false},"excerpt":{"rendered":"<p>Ziele des Handball F\u00f6rderverein TV Jahn G\u00f6ppingen e.V. Der F\u00f6rderverein unterst\u00fctzt die Handballabteilung des TV Jahn G\u00f6ppingen haupts\u00e4chlich durch seine Mitglieder. Im st\u00e4ndigen Dialog mit den Verantwortlichen der Handballabteilung werden Projekte und unterst\u00fctzende Ma\u00dfnahmen vereinbart. Wie z.B. Mostfest, Werbetafel, Fahrtgeldzusch\u00fcsse, Essensgutscheine, Zusch\u00fcsse f\u00fcr Trainingslager, Teambuilding am See &#8230; Hierbei kann [&hellip;]<\/p>\n","protected":false},"author":1,"featured_media":0,"parent":0,"menu_order":0,"comment_status":"closed","ping_status":"closed","template":"","meta":{"ngg_post_thumbnail":0,"footnotes":""},"class_list":["post-122","page","type-page","status-publish","hentry"],"_links":{"self":[{"href":"https:\/\/tv-jahn-handball.de\/index.php?rest_route=\/wp\/v2\/pages\/122"}],"collection":[{"href":"https:\/\/tv-jahn-handball.de\/index.php?rest_route=\/wp\/v2\/pages"}],"about":[{"href":"https:\/\/tv-jahn-handball.de\/index.php?rest_route=\/wp\/v2\/types\/page"}],"author":[{"embeddable":true,"href":"https:\/\/tv-jahn-handball.de\/index.php?rest_route=\/wp\/v2\/users\/1"}],"replies":[{"embeddable":true,"href":"https:\/\/tv-jahn-handball.de\/index.php?rest_route=%2Fwp%2Fv2%2Fcomments&post=122"}],"version-history":[{"count":4,"href":"https:\/\/tv-jahn-handball.de\/index.php?rest_route=\/wp\/v2\/pages\/122\/revisions"}],"predecessor-version":[{"id":1364,"href":"https:\/\/tv-jahn-handball.de\/index.php?rest_route=\/wp\/v2\/pages\/122\/revisions\/1364"}],"wp:attachment":[{"href":"https:\/\/tv-jahn-handball.de\/index.php?rest_route=%2Fwp%2Fv2%2Fmedia&parent=122"}],"curies":[{"name":"wp","href":"https:\/\/api.w.org\/{rel}","templated":true}]}}